{"id":579,"date":"2016-02-18T21:30:20","date_gmt":"2016-02-18T19:30:20","guid":{"rendered":"http:\/\/blog.sachathomet.ch\/?page_id=579"},"modified":"2026-04-09T09:50:57","modified_gmt":"2026-04-09T07:50:57","slug":"about-me","status":"publish","type":"page","link":"https:\/\/blog.sachathomet.ch\/de\/about-me\/","title":{"rendered":"\u00dcber mich"},"content":{"rendered":"\n<p>Hier bloggt Sacha Thomet \u2013 ein EUC-Geek, der sein Wissen gerne teilt. Seit \u00fcber 15 Jahren bin ich haupts\u00e4chlich auf EUC-Produkte fr\u00fcher im speziellen Citrix, aktuell mehr Azure Virtual Desktop  spezialisiert und seit mehr als 20 Jahren professionell in der IT-Branche t\u00e4tig.<\/p>\n\n\n\n<p>Ich bin kein Programmierer, aber ich liebe es, Scripts zu entwickeln, die mir den Arbeitsalltag erleichtern. Angefangen habe ich mit der DOS-Kommandozeile (*.bat, *.cmd), bin dann zu VBScript (*.vbs) \u00fcbergegangen und besch\u00e4ftige mich seit 2013 intensiv mit PowerShell. Die Koexistenz von Windows, Mac, Linux und anderen Betriebssystemen fasziniert mich \u2013 und ist ein wesentlicher Grund, warum Citrix-Produkte f\u00fcr mich unverzichtbar sind.<\/p>\n\n\n\n<p>Neben Enduser Computing Themen finden sich auf diesem Blog auch Artikel zu IoT und Hausautomation sowie zu weiteren Produkten und Tools rund um End User Computing. Gelegentlich widme ich mich auch technischen Themen aus dem digitalen Alltag, die keinen direkten EUC-Bezug haben.<\/p>\n\n\n\n<p>Ich bin Citrix Certified Integration Architect for Virtualization (CCIA) und Citrix Certified Expert \u2013 Virtualization (CCE-V on XenDesktop 7.x). Im Bereich Networking halte ich den Citrix Certified Associate. Im Februar 2016 wurde mir die Ehre zuteil, den Citrix Technology Professional (CTP) Award zu erhalten, der bis zum Ende des Programms im Fr\u00fchjahr 2025 j\u00e4hrlich erneuert wurde. Im Mai 2025 erhielt ich den Microsoft MVP Award in der Kategorie \u00abWindows and Devices\u00bb mit Schwerpunkt Azure Virtual Desktop.<\/p>\n\n\n\n<p>Im Fr\u00fchling 2022 schloss ich an der Berner Fachhochschule den Master of Advanced Studies in Digital Transformation ab. In meiner Master-Thesis mit dem Titel \u00abNutzung des digitalen Fussabdrucks im Unternehmen\u00bb untersuchte ich gemeinsam mit meinem Kollegen Stefan Moser die vielseitigen Aspekte bei der Nutzung einer digitalen Employee-Experience-Plattform wie Microsoft Viva Insights.<br>(Abstract: <a href=\"https:\/\/bfh.easydocmaker.ch\/search\/abstract\/3115\/\" target=\"_blank\" rel=\"noopener\">https:\/\/bfh.easydocmaker.ch\/search\/abstract\/3115\/<\/a>)<\/p>\n\n\n\n<h3 class=\"wp-block-heading\">Impressum \/ <strong>Kontakt:<\/strong><\/h3>\n\n\n\n<p>Hier bloggt Sacha Thomet, erreichbar unter vorname.nachname@gmail.com<\/p>\n\n\n\n<h3 class=\"wp-block-heading\"><strong>Sprache<\/strong><\/h3>\n\n\n\n<p>Dieser Blog war bis April 2017 ausschliesslich auf Englisch verfasst. Ich bin in der Schweiz geboren und aufgewachsen \u2013 meine Muttersprache ist Berndeutsch. Meine erste Fremdsprache ist Deutsch, in der Schule lernte ich zudem Franz\u00f6sisch. Obwohl ich mich auf Englisch wohl f\u00fchle und diese Sprache wegen des gr\u00f6sseren Publikums gew\u00e4hlt habe, entschied ich mich mit zunehmender Leserschaft dazu, meine Artikel auch auf Deutsch zu verfassen.<\/p>\n\n\n\n<p><strong>Aktivit\u00e4ten<\/strong><\/p>\n\n\n\n<h4 class=\"wp-block-heading\">SwissEUC Leader<\/h4>\n\n\n\n<p>Ich bin Gr\u00fcndungsmitglied und einer der Leiter der Swiss EUC User Group.<br><a href=\"http:\/\/www.swisseuc.ch\" target=\"_blank\" rel=\"noopener\">http:\/\/www.swisseuc.ch<\/a><\/p>\n\n\n\n<h4 class=\"wp-block-heading\">\u00d6ffentliche Auftritte:<\/h4>\n\n\n\n<p><strong>PowerShell Health Check Script for Citrix PVS<\/strong><br>GeekSpeak Tonight, GeekOvation Award, Citrix Synergy Orlando, USA<br>Mai 2015<br>Sprache: Englisch<br>Recording: <a href=\"https:\/\/youtu.be\/-9jTeWQbVYE?t=6357\" target=\"_blank\" rel=\"noopener noreferrer\">https:\/\/youtu.be\/-9jTeWQbVYE?t=6357<\/a><\/p>\n\n\n\n<p><strong>Customized Health Check for Citrix Products with PowerShell<\/strong><br>Citrix Day 2016, Digicomp Z\u00fcrich, Schweiz<br>November 2016<br>Sprache: Schweizerdeutsch<br>Recording: <a href=\"https:\/\/www.youtube.com\/watch?v=0-49ADDdc0Q\" target=\"_blank\" rel=\"noopener noreferrer\">https:\/\/www.youtube.com\/watch?v=0-49ADDdc0Q<\/a><br>Slides: <a href=\"https:\/\/sachathomet.sharefile.eu\/d-se3a9d7bc40c4ce9b\" target=\"_blank\" rel=\"noopener noreferrer\">Customized_HealthCheck_for_Citrix_Products_with_PowerShell.pdf<\/a><\/p>\n\n\n\n<p><strong>The Stony Road of a VDI Migration from Windows 7 to Windows 10<\/strong><br>E2EVC, Rom, Italien \u2013 <a href=\"https:\/\/e2evc.com\" target=\"_blank\" rel=\"noopener\">https:\/\/e2evc.com<\/a><br>November 2016<br>Sprache: Englisch<br>Recording: <a href=\"https:\/\/www.youtube.com\/watch?v=3VsW8PDm2a4\" target=\"_blank\" rel=\"noopener noreferrer\">https:\/\/www.youtube.com\/watch?v=3VsW8PDm2a4<\/a><br>Slides: <a href=\"https:\/\/sachathomet.sharefile.eu\/d-s304b52f8a9143e18\" target=\"_blank\" rel=\"noopener noreferrer\">StonyRoadWindows10migration.pdf<\/a><\/p>\n\n\n\n<p><strong>Der steinige Weg einer VDI-Migration nach Windows 10 und danach \u2026<\/strong><br>VCNRW, K\u00f6ln, Deutschland<br>April 2017<br>Sprache: Deutsch<\/p>\n\n\n\n<p><strong>Windows 10 auf VDI in der Praxis<\/strong><br>Digicomp Citrix Day 2017, Z\u00fcrich, Schweiz<br>November 2017<br>Sprache: Schweizerdeutsch<br>Recording: <a href=\"https:\/\/www.youtube.com\/embed\/b1k4rLSs4Bs\" target=\"_blank\" rel=\"noopener noreferrer\">https:\/\/www.youtube.com\/embed\/b1k4rLSs4Bs<\/a><br>Slides: <a href=\"http:\/\/www2.digicomp.ch\/l\/78372\/2017-11-15\/6q2csx\/78372\/118939\/Digicomp_CitrixDay_Windows_10__auf_virtuellenDesktops_in_der_Praxis.pdf\" target=\"_blank\" rel=\"noopener noreferrer\">Digicomp_CitrixDay_Windows_10__auf_virtuellenDesktops_in_der_Praxis.pdf<\/a><\/p>\n\n\n\n<p><strong>Citrix Cloud \u2013 Smart Start mit Smart Tools<\/strong><br>Digicomp Citrix Day 2017, Z\u00fcrich, Schweiz<br>November 2017<br>Sprache: Schweizerdeutsch<br>Slides: <a href=\"http:\/\/www2.digicomp.ch\/l\/78372\/2017-11-15\/6q2dvj\/78372\/118987\/17_SmartStart_SmartTools_v1.0_Stefan_Beckmann.pdf\" target=\"_blank\" rel=\"noopener noreferrer\">17_SmartStart_SmartTools_v1.0_Stefan_Beckmann.pdf<\/a><\/p>\n\n\n\n<p><strong>Citrix Cloud \u2013 Smart Start with Smart Tools<\/strong><br>E2EVC 2017, Barcelona, Spanien \u2013 <a href=\"https:\/\/e2evc.com\" target=\"_blank\" rel=\"noopener\">https:\/\/e2evc.com<\/a><br>November 2017<br>Sprache: Englisch<\/p>\n\n\n\n<p><strong>Windows 10 Based VDI on Citrix Virtual Desktop \u2013 Key Takeaways From the Field<\/strong><br>mycugc.com Webinar, Online<br>Dezember 2018<br>Sprache: Englisch<br>Recording: <a href=\"https:\/\/www.mycugc.org\/viewdocument\/cugc-user-share-12-19-18-windows-1?CommunityKey=985b2901-30d5-47f8-a86d-5972ee9942ea&amp;tab=librarydocuments\" target=\"_blank\" rel=\"noopener noreferrer\">mycugc<\/a><br>Slides: <a href=\"https:\/\/www.mycugc.org\/viewdocument\/webinar-slide-deck-win10-vdi-citri-1?CommunityKey=84e2a915-c875-48a8-ac80-08ef4c30ccb6&amp;tab=librarydocuments\" target=\"_blank\" rel=\"noopener noreferrer\">on mycugc<\/a><\/p>\n\n\n\n<p><strong>Machine Catalogs with Overflow<\/strong><br>E2EVC 2019, Berlin, Deutschland \u2013 <a href=\"https:\/\/e2evc.com\" target=\"_blank\" rel=\"noopener\">https:\/\/e2evc.com<\/a><br>Juni 2019<br>Sprache: Englisch<br>Blog Post: <a href=\"http:\/\/blog.sachathomet.ch\/2019\/06\/08\/machinecatalog-with-overflow\/\">MC with Overflow<\/a><\/p>\n\n\n\n<p><strong>Benefits and Challenges with Citrix DaaS \u2013 Journey of 2 Swiss Citrix Customers to the Citrix Cloud<\/strong><br>SwissCUGC 2022, Z\u00fcrich, Schweiz \u2013 Juni 2022 \u2013 Sprache: Schweizerdeutsch<br>E2EVC 2022, Berlin, Deutschland \u2013 Juni 2022 \u2013 Sprache: Englisch<br>CUGC XL, Yankee Stadium, New York City, USA \u2013 Juli 2022 \u2013 Sprache: Englisch<br>CUGC UK, Manchester, England \u2013 September 2022 \u2013 Sprache: Englisch<br>Virtual Expo, Online \u2013 September 2022 \u2013 Sprache: Englisch<br>CUGtech Autumn 2022, Oslo, Norwegen \u2013 Oktober 2022 \u2013 Sprache: Englisch<\/p>\n\n\n\n<p><strong>How an Insurance Company Integrated Microsoft AVD with a Building Pipeline and End-User Self-Service<\/strong><br>Workplace Ninja Summit 2023, Baden, Schweiz \u2013 September 2023 \u2013 Sprache: Englisch<br>E2EVC Autumn 2023, Rom, Italien \u2013 November 2023 \u2013 Sprache: Englisch<br>IET Summit 2024, Bern, Schweiz &#8211; Januar 2024 \u2013 Sprache: Deutsch<\/p>\n\n\n\n<p><strong>Benefits and Challenges with Citrix DaaS \u2013 Journey of 2 Swiss Citrix Customers to the Citrix Cloud<\/strong><br>EUCTec DK 2025, Billund, D\u00e4nemark \u2013 Mai 2025 \u2013 Sprache: Englisch<\/p>\n\n\n\n<p><strong>Case Study: Die Mobiliar \u2013 AVD in Different Flavours as Successor for On-Premises VDIs<\/strong><br>Microsoft In-Person Event: Cloud &amp; AI Endpoints \u2013 The Future of Windows<br>Z\u00fcrich-Airport, Z\u00fcrich, Schweiz \u2013 Juli 2025 \u2013 Sprache: Englisch<br><a href=\"https:\/\/msevents.microsoft.com\/event?id=2961962529\" target=\"_blank\" rel=\"noopener\">https:\/\/msevents.microsoft.com\/event?id=2961962529<\/a><\/p>\n","protected":false},"excerpt":{"rendered":"<p>Hier bloggt Sacha Thomet \u2013 ein EUC-Geek, der sein Wissen gerne teilt. Seit \u00fcber 15 Jahren bin ich haupts\u00e4chlich auf EUC-Produkte fr\u00fcher im speziellen Citrix, aktuell mehr Azure Virtual Desktop spezialisiert und seit mehr als 20 Jahren professionell in der IT-Branche t\u00e4tig. Ich bin kein Programmierer, aber ich liebe es, Scripts zu entwickeln, die mir [&hellip;]<\/p>\n","protected":false},"author":2,"featured_media":0,"parent":0,"menu_order":0,"comment_status":"closed","ping_status":"closed","template":"","meta":{"footnotes":""},"class_list":["post-579","page","type-page","status-publish","hentry"],"translation":{"provider":"WPGlobus","version":"3.0.2","language":"de","enabled_languages":["en","de"],"languages":{"en":{"title":true,"content":true,"excerpt":false},"de":{"title":true,"content":true,"excerpt":false}}},"_links":{"self":[{"href":"https:\/\/blog.sachathomet.ch\/de\/wp-json\/wp\/v2\/pages\/579","targetHints":{"allow":["GET"]}}],"collection":[{"href":"https:\/\/blog.sachathomet.ch\/de\/wp-json\/wp\/v2\/pages"}],"about":[{"href":"https:\/\/blog.sachathomet.ch\/de\/wp-json\/wp\/v2\/types\/page"}],"author":[{"embeddable":true,"href":"https:\/\/blog.sachathomet.ch\/de\/wp-json\/wp\/v2\/users\/2"}],"replies":[{"embeddable":true,"href":"https:\/\/blog.sachathomet.ch\/de\/wp-json\/wp\/v2\/comments?post=579"}],"version-history":[{"count":58,"href":"https:\/\/blog.sachathomet.ch\/de\/wp-json\/wp\/v2\/pages\/579\/revisions"}],"predecessor-version":[{"id":2605,"href":"https:\/\/blog.sachathomet.ch\/de\/wp-json\/wp\/v2\/pages\/579\/revisions\/2605"}],"wp:attachment":[{"href":"https:\/\/blog.sachathomet.ch\/de\/wp-json\/wp\/v2\/media?parent=579"}],"curies":[{"name":"wp","href":"https:\/\/api.w.org\/{rel}","templated":true}]}}

Über mich

<p>Hier bloggt Sacha Thomet – ein EUC-Geek, der sein Wissen gerne teilt. Seit über 15 Jahren bin ich hauptsächlich auf EUC-Produkte früher im speziellen Citrix, aktuell mehr Azure Virtual Desktop  spezialisiert und seit mehr als 20 Jahren professionell in der IT-Branche tätig.</p>



<p>Ich bin kein Programmierer, aber ich liebe es, Scripts zu entwickeln, die mir den Arbeitsalltag erleichtern. Angefangen habe ich mit der DOS-Kommandozeile (*.bat, *.cmd), bin dann zu VBScript (*.vbs) übergegangen und beschäftige mich seit 2013 intensiv mit PowerShell. Die Koexistenz von Windows, Mac, Linux und anderen Betriebssystemen fasziniert mich – und ist ein wesentlicher Grund, warum Citrix-Produkte für mich unverzichtbar sind.</p>



<p>Neben Enduser Computing Themen finden sich auf diesem Blog auch Artikel zu IoT und Hausautomation sowie zu weiteren Produkten und Tools rund um End User Computing. Gelegentlich widme ich mich auch technischen Themen aus dem digitalen Alltag, die keinen direkten EUC-Bezug haben.</p>



<p>Ich bin Citrix Certified Integration Architect for Virtualization (CCIA) und Citrix Certified Expert – Virtualization (CCE-V on XenDesktop 7.x). Im Bereich Networking halte ich den Citrix Certified Associate. Im Februar 2016 wurde mir die Ehre zuteil, den Citrix Technology Professional (CTP) Award zu erhalten, der bis zum Ende des Programms im Frühjahr 2025 jährlich erneuert wurde. Im Mai 2025 erhielt ich den Microsoft MVP Award in der Kategorie «Windows and Devices» mit Schwerpunkt Azure Virtual Desktop.</p>



<p>Im Frühling 2022 schloss ich an der Berner Fachhochschule den Master of Advanced Studies in Digital Transformation ab. In meiner Master-Thesis mit dem Titel «Nutzung des digitalen Fussabdrucks im Unternehmen» untersuchte ich gemeinsam mit meinem Kollegen Stefan Moser die vielseitigen Aspekte bei der Nutzung einer digitalen Employee-Experience-Plattform wie Microsoft Viva Insights.<br>(Abstract: <a href="https://bfh.easydocmaker.ch/search/abstract/3115/" target="_blank" rel="noopener">https://bfh.easydocmaker.ch/search/abstract/3115/</a>)</p>



<h3 class="wp-block-heading">Impressum / <strong>Kontakt:</strong></h3>



<p>Hier bloggt Sacha Thomet, erreichbar unter vorname.nachname@gmail.com</p>



<h3 class="wp-block-heading"><strong>Sprache</strong></h3>



<p>Dieser Blog war bis April 2017 ausschliesslich auf Englisch verfasst. Ich bin in der Schweiz geboren und aufgewachsen – meine Muttersprache ist Berndeutsch. Meine erste Fremdsprache ist Deutsch, in der Schule lernte ich zudem Französisch. Obwohl ich mich auf Englisch wohl fühle und diese Sprache wegen des grösseren Publikums gewählt habe, entschied ich mich mit zunehmender Leserschaft dazu, meine Artikel auch auf Deutsch zu verfassen.</p>



<p><strong>Aktivitäten</strong></p>



<h4 class="wp-block-heading">SwissEUC Leader</h4>



<p>Ich bin Gründungsmitglied und einer der Leiter der Swiss EUC User Group.<br><a href="http://www.swisseuc.ch" target="_blank" rel="noopener">http://www.swisseuc.ch</a></p>



<h4 class="wp-block-heading">Öffentliche Auftritte:</h4>



<p><strong>PowerShell Health Check Script for Citrix PVS</strong><br>GeekSpeak Tonight, GeekOvation Award, Citrix Synergy Orlando, USA<br>Mai 2015<br>Sprache: Englisch<br>Recording: <a href="https://youtu.be/-9jTeWQbVYE?t=6357" target="_blank" rel="noopener noreferrer">https://youtu.be/-9jTeWQbVYE?t=6357</a></p>



<p><strong>Customized Health Check for Citrix Products with PowerShell</strong><br>Citrix Day 2016, Digicomp Zürich, Schweiz<br>November 2016<br>Sprache: Schweizerdeutsch<br>Recording: <a href="https://www.youtube.com/watch?v=0-49ADDdc0Q" target="_blank" rel="noopener noreferrer">https://www.youtube.com/watch?v=0-49ADDdc0Q</a><br>Slides: <a href="https://sachathomet.sharefile.eu/d-se3a9d7bc40c4ce9b" target="_blank" rel="noopener noreferrer">Customized_HealthCheck_for_Citrix_Products_with_PowerShell.pdf</a></p>



<p><strong>The Stony Road of a VDI Migration from Windows 7 to Windows 10</strong><br>E2EVC, Rom, Italien – <a href="https://e2evc.com" target="_blank" rel="noopener">https://e2evc.com</a><br>November 2016<br>Sprache: Englisch<br>Recording: <a href="https://www.youtube.com/watch?v=3VsW8PDm2a4" target="_blank" rel="noopener noreferrer">https://www.youtube.com/watch?v=3VsW8PDm2a4</a><br>Slides: <a href="https://sachathomet.sharefile.eu/d-s304b52f8a9143e18" target="_blank" rel="noopener noreferrer">StonyRoadWindows10migration.pdf</a></p>



<p><strong>Der steinige Weg einer VDI-Migration nach Windows 10 und danach …</strong><br>VCNRW, Köln, Deutschland<br>April 2017<br>Sprache: Deutsch</p>



<p><strong>Windows 10 auf VDI in der Praxis</strong><br>Digicomp Citrix Day 2017, Zürich, Schweiz<br>November 2017<br>Sprache: Schweizerdeutsch<br>Recording: <a href="https://www.youtube.com/embed/b1k4rLSs4Bs" target="_blank" rel="noopener noreferrer">https://www.youtube.com/embed/b1k4rLSs4Bs</a><br>Slides: <a href="http://www2.digicomp.ch/l/78372/2017-11-15/6q2csx/78372/118939/Digicomp_CitrixDay_Windows_10__auf_virtuellenDesktops_in_der_Praxis.pdf" target="_blank" rel="noopener noreferrer">Digicomp_CitrixDay_Windows_10__auf_virtuellenDesktops_in_der_Praxis.pdf</a></p>



<p><strong>Citrix Cloud – Smart Start mit Smart Tools</strong><br>Digicomp Citrix Day 2017, Zürich, Schweiz<br>November 2017<br>Sprache: Schweizerdeutsch<br>Slides: <a href="http://www2.digicomp.ch/l/78372/2017-11-15/6q2dvj/78372/118987/17_SmartStart_SmartTools_v1.0_Stefan_Beckmann.pdf" target="_blank" rel="noopener noreferrer">17_SmartStart_SmartTools_v1.0_Stefan_Beckmann.pdf</a></p>



<p><strong>Citrix Cloud – Smart Start with Smart Tools</strong><br>E2EVC 2017, Barcelona, Spanien – <a href="https://e2evc.com" target="_blank" rel="noopener">https://e2evc.com</a><br>November 2017<br>Sprache: Englisch</p>



<p><strong>Windows 10 Based VDI on Citrix Virtual Desktop – Key Takeaways From the Field</strong><br>mycugc.com Webinar, Online<br>Dezember 2018<br>Sprache: Englisch<br>Recording: <a href="https://www.mycugc.org/viewdocument/cugc-user-share-12-19-18-windows-1?CommunityKey=985b2901-30d5-47f8-a86d-5972ee9942ea&amp;tab=librarydocuments" target="_blank" rel="noopener noreferrer">mycugc</a><br>Slides: <a href="https://www.mycugc.org/viewdocument/webinar-slide-deck-win10-vdi-citri-1?CommunityKey=84e2a915-c875-48a8-ac80-08ef4c30ccb6&amp;tab=librarydocuments" target="_blank" rel="noopener noreferrer">on mycugc</a></p>



<p><strong>Machine Catalogs with Overflow</strong><br>E2EVC 2019, Berlin, Deutschland – <a href="https://e2evc.com" target="_blank" rel="noopener">https://e2evc.com</a><br>Juni 2019<br>Sprache: Englisch<br>Blog Post: <a href="http://blog.sachathomet.ch/2019/06/08/machinecatalog-with-overflow/">MC with Overflow</a></p>



<p><strong>Benefits and Challenges with Citrix DaaS – Journey of 2 Swiss Citrix Customers to the Citrix Cloud</strong><br>SwissCUGC 2022, Zürich, Schweiz – Juni 2022 – Sprache: Schweizerdeutsch<br>E2EVC 2022, Berlin, Deutschland – Juni 2022 – Sprache: Englisch<br>CUGC XL, Yankee Stadium, New York City, USA – Juli 2022 – Sprache: Englisch<br>CUGC UK, Manchester, England – September 2022 – Sprache: Englisch<br>Virtual Expo, Online – September 2022 – Sprache: Englisch<br>CUGtech Autumn 2022, Oslo, Norwegen – Oktober 2022 – Sprache: Englisch</p>



<p><strong>How an Insurance Company Integrated Microsoft AVD with a Building Pipeline and End-User Self-Service</strong><br>Workplace Ninja Summit 2023, Baden, Schweiz – September 2023 – Sprache: Englisch<br>E2EVC Autumn 2023, Rom, Italien – November 2023 – Sprache: Englisch<br>IET Summit 2024, Bern, Schweiz &#8211; Januar 2024 – Sprache: Deutsch</p>



<p><strong>Benefits and Challenges with Citrix DaaS – Journey of 2 Swiss Citrix Customers to the Citrix Cloud</strong><br>EUCTec DK 2025, Billund, Dänemark – Mai 2025 – Sprache: Englisch</p>



<p><strong>Case Study: Die Mobiliar – AVD in Different Flavours as Successor for On-Premises VDIs</strong><br>Microsoft In-Person Event: Cloud &amp; AI Endpoints – The Future of Windows<br>Zürich-Airport, Zürich, Schweiz – Juli 2025 – Sprache: Englisch<br><a href="https://msevents.microsoft.com/event?id=2961962529" target="_blank" rel="noopener">https://msevents.microsoft.com/event?id=2961962529</a></p>

<p>Hier bloggt Sacha Thomet – ein EUC-Geek, der sein Wissen gerne teilt. Seit über 15 Jahren bin ich hauptsächlich auf EUC-Produkte früher im speziellen Citrix, aktuell mehr Azure Virtual Desktop spezialisiert und seit mehr als 20 Jahren professionell in der IT-Branche tätig. Ich bin kein Programmierer, aber ich liebe es, Scripts zu entwickeln, die mir [&hellip;]</p>
